{"id":119,"date":"2019-09-23T11:07:16","date_gmt":"2019-09-23T11:07:16","guid":{"rendered":"http:\/\/xn--gs-hmelerwald-sievershausen-ekc.de\/?page_id=119"},"modified":"2024-08-07T09:51:39","modified_gmt":"2024-08-07T09:51:39","slug":"eltern-2","status":"publish","type":"page","link":"http:\/\/xn--gs-hmelerwald-sievershausen-ekc.de\/?page_id=119","title":{"rendered":"Lerntagebuch"},"content":{"rendered":"\n<div class=\"wp-block-group\"><div class=\"wp-block-group__inner-container is-layout-constrained wp-block-group-is-layout-constrained\"><\/div><\/div>\n\n\n\n<p>Am Anfang des Schuljahres kaufen alle Sch\u00fcler:innen der Grundschule H\u00e4melerwald-Sievershausen ein Lerntagebuch. Das Lerntagebuch enth\u00e4lt viele wichtige Informationen rund um den Schulalltag des Kindes. Au\u00dferdem dient es zum Notieren der Hausaufgaben sowie wichtiger Notizen. Das Cover wird immer von den vierten Klassen des Vorjahres entworfen und ausgew\u00e4hlt. <\/p>\n\n\n<div class=\"wp-block-image\">\n<figure class=\"aligncenter size-full\"><img loading=\"lazy\" decoding=\"async\" width=\"480\" height=\"640\" src=\"http:\/\/xn--gs-hmelerwald-sievershausen-ekc.de\/wp-content\/uploads\/2024\/08\/Schuelerbuch-rotated.jpg\" alt=\"\" class=\"wp-image-642\" srcset=\"http:\/\/xn--gs-hmelerwald-sievershausen-ekc.de\/wp-content\/uploads\/2024\/08\/Schuelerbuch-rotated.jpg 480w, http:\/\/xn--gs-hmelerwald-sievershausen-ekc.de\/wp-content\/uploads\/2024\/08\/Schuelerbuch-225x300.jpg 225w\" sizes=\"auto, (max-width: 480px) 100vw, 480px\" \/><figcaption class=\"wp-element-caption\"><sub>Aktuelles Cover des Lerntagebuchs<\/sub><\/figcaption><\/figure><\/div>","protected":false},"excerpt":{"rendered":"<p>Am Anfang des Schuljahres kaufen alle Sch\u00fcler:innen der Grundschule H\u00e4melerwald-Sievershausen ein Lerntagebuch. Das Lerntagebuch enth\u00e4lt viele wichtige Informationen rund um den Schulalltag des Kindes. Au\u00dferdem dient es zum Notieren der Hausaufgaben sowie wichtiger Notizen. Das Cover wird immer von den vierten Klassen des Vorjahres entworfen und ausgew\u00e4hlt.<\/p>\n","protected":false},"author":1,"featured_media":0,"parent":0,"menu_order":0,"comment_status":"closed","ping_status":"closed","template":"","meta":{"footnotes":""},"class_list":["post-119","page","type-page","status-publish","hentry"],"aioseo_notices":[],"_links":{"self":[{"href":"http:\/\/xn--gs-hmelerwald-sievershausen-ekc.de\/index.php?rest_route=\/wp\/v2\/pages\/119","targetHints":{"allow":["GET"]}}],"collection":[{"href":"http:\/\/xn--gs-hmelerwald-sievershausen-ekc.de\/index.php?rest_route=\/wp\/v2\/pages"}],"about":[{"href":"http:\/\/xn--gs-hmelerwald-sievershausen-ekc.de\/index.php?rest_route=\/wp\/v2\/types\/page"}],"author":[{"embeddable":true,"href":"http:\/\/xn--gs-hmelerwald-sievershausen-ekc.de\/index.php?rest_route=\/wp\/v2\/users\/1"}],"replies":[{"embeddable":true,"href":"http:\/\/xn--gs-hmelerwald-sievershausen-ekc.de\/index.php?rest_route=%2Fwp%2Fv2%2Fcomments&post=119"}],"version-history":[{"count":14,"href":"http:\/\/xn--gs-hmelerwald-sievershausen-ekc.de\/index.php?rest_route=\/wp\/v2\/pages\/119\/revisions"}],"predecessor-version":[{"id":644,"href":"http:\/\/xn--gs-hmelerwald-sievershausen-ekc.de\/index.php?rest_route=\/wp\/v2\/pages\/119\/revisions\/644"}],"wp:attachment":[{"href":"http:\/\/xn--gs-hmelerwald-sievershausen-ekc.de\/index.php?rest_route=%2Fwp%2Fv2%2Fmedia&parent=119"}],"curies":[{"name":"wp","href":"https:\/\/api.w.org\/{rel}","templated":true}]}}