{"id":2,"date":"2016-05-10T03:48:21","date_gmt":"2016-05-10T03:48:21","guid":{"rendered":"http:\/\/xn--gs-hmelerwald-sievershausen-ekc.de\/?page_id=2"},"modified":"2024-11-14T11:28:05","modified_gmt":"2024-11-14T11:28:05","slug":"sample-page","status":"publish","type":"page","link":"http:\/\/xn--gs-hmelerwald-sievershausen-ekc.de\/?page_id=2","title":{"rendered":"Wir \u00fcber uns"},"content":{"rendered":"\n<p class=\"has-text-align-left\">Seit dem 01.02.2018 sind die Grundschule im Kleegarten in Lehrte-Sievershausen und die Grundschule H\u00e4melerwald organisatorisch zusammengefasst und werden unter dem Namen Grundschule H\u00e4melerwald-Sievershausen gef\u00fchrt. Der Schultr\u00e4ger ist die Stadt Lehrte.<\/p>\n\n\n\n<p>Die Grundschule H\u00e4melerwald-Sievershausen&nbsp;ist eine offene Ganztagsschule und bietet zwei Programme f\u00fcr&nbsp;ihre Kinder an: <\/p>\n\n\n\n<p>\u2022 Verl\u00e4ssliche Grundschule<\/p>\n\n\n\n<p>\u2022 Offene Ganztagsschule<\/p>\n\n\n\n<p>Im Schuljahr 2024\/2025&nbsp;besuchen 299 Kinder unsere Schule. Zur Zeit&nbsp;werden am Standort H\u00e4melerwald 168 Kinder in 8 Klassen beschult. Den Standort Sievershausen besuchen aktuell 131 Kinder in 8 Klassen. \u00dcber 80% unserer Sch\u00fclerinnen und Sch\u00fcler besuchen mindestens ein Angebot unseres Ganztages.<\/p>\n\n\n\n<p class=\"has-text-align-left\">Insgesamt\u00a0arbeiten zur Zeit 21\u00a0Lehrer:innen an der Schule, darunter eine Lehrerin im Vorbereitungsdienst sowie zwei F\u00f6rderschulkolleg:innen. Ferner begleiten 12 p\u00e4dagogische Mitarbeiter:innen sowie 10 p\u00e4dagogische Fachkr\u00e4fte die Kinder\u00a0auf ihrem Lernweg.<\/p>\n\n\n\n<figure class=\"wp-block-gallery has-nested-images columns-default is-cropped wp-block-gallery-1 is-layout-flex wp-block-gallery-is-layout-flex\">\n<figure class=\"wp-block-image size-large\"><img loading=\"lazy\" decoding=\"async\" width=\"1024\" height=\"577\" data-id=\"32\" src=\"http:\/\/xn--gs-hmelerwald-sievershausen-ekc.de\/wp-content\/uploads\/2019\/09\/CE7CE6AB-8293-4333-A1F0-62586900C843-1024x577.jpeg\" alt=\"\" class=\"wp-image-32\" srcset=\"http:\/\/xn--gs-hmelerwald-sievershausen-ekc.de\/wp-content\/uploads\/2019\/09\/CE7CE6AB-8293-4333-A1F0-62586900C843-1024x577.jpeg 1024w, http:\/\/xn--gs-hmelerwald-sievershausen-ekc.de\/wp-content\/uploads\/2019\/09\/CE7CE6AB-8293-4333-A1F0-62586900C843-300x169.jpeg 300w, http:\/\/xn--gs-hmelerwald-sievershausen-ekc.de\/wp-content\/uploads\/2019\/09\/CE7CE6AB-8293-4333-A1F0-62586900C843-768x432.jpeg 768w, http:\/\/xn--gs-hmelerwald-sievershausen-ekc.de\/wp-content\/uploads\/2019\/09\/CE7CE6AB-8293-4333-A1F0-62586900C843-1200x676.jpeg 1200w, http:\/\/xn--gs-hmelerwald-sievershausen-ekc.de\/wp-content\/uploads\/2019\/09\/CE7CE6AB-8293-4333-A1F0-62586900C843.jpeg 1600w\" sizes=\"auto, (max-width: 1024px) 100vw, 1024px\" \/><figcaption class=\"wp-element-caption\">Schulgeb\u00e4ude H\u00e4melerwald<\/figcaption><\/figure>\n\n\n\n<figure class=\"wp-block-image size-large\"><img loading=\"lazy\" decoding=\"async\" width=\"1024\" height=\"768\" data-id=\"30\" src=\"http:\/\/xn--gs-hmelerwald-sievershausen-ekc.de\/wp-content\/uploads\/2019\/09\/2E214479-945C-4EC4-894B-79A335849B20-1024x768.jpeg\" alt=\"\" class=\"wp-image-30\" srcset=\"http:\/\/xn--gs-hmelerwald-sievershausen-ekc.de\/wp-content\/uploads\/2019\/09\/2E214479-945C-4EC4-894B-79A335849B20-1024x768.jpeg 1024w, http:\/\/xn--gs-hmelerwald-sievershausen-ekc.de\/wp-content\/uploads\/2019\/09\/2E214479-945C-4EC4-894B-79A335849B20-300x225.jpeg 300w, http:\/\/xn--gs-hmelerwald-sievershausen-ekc.de\/wp-content\/uploads\/2019\/09\/2E214479-945C-4EC4-894B-79A335849B20-768x576.jpeg 768w, http:\/\/xn--gs-hmelerwald-sievershausen-ekc.de\/wp-content\/uploads\/2019\/09\/2E214479-945C-4EC4-894B-79A335849B20-1200x900.jpeg 1200w, http:\/\/xn--gs-hmelerwald-sievershausen-ekc.de\/wp-content\/uploads\/2019\/09\/2E214479-945C-4EC4-894B-79A335849B20.jpeg 1600w\" sizes=\"auto, (max-width: 1024px) 100vw, 1024px\" \/><figcaption class=\"wp-element-caption\">Schulgeb\u00e4ude Sievershausen<\/figcaption><\/figure>\n\n\n\n<figure class=\"wp-block-image size-large\"><img loading=\"lazy\" decoding=\"async\" width=\"700\" height=\"1011\" data-id=\"185\" src=\"http:\/\/xn--gs-hmelerwald-sievershausen-ekc.de\/wp-content\/uploads\/2019\/09\/Mensa-BO-9-2019-700x1011.jpg\" alt=\"\" class=\"wp-image-185\" srcset=\"http:\/\/xn--gs-hmelerwald-sievershausen-ekc.de\/wp-content\/uploads\/2019\/09\/Mensa-BO-9-2019-700x1011.jpg 700w, http:\/\/xn--gs-hmelerwald-sievershausen-ekc.de\/wp-content\/uploads\/2019\/09\/Mensa-BO-9-2019-208x300.jpg 208w, http:\/\/xn--gs-hmelerwald-sievershausen-ekc.de\/wp-content\/uploads\/2019\/09\/Mensa-BO-9-2019-768x1109.jpg 768w, http:\/\/xn--gs-hmelerwald-sievershausen-ekc.de\/wp-content\/uploads\/2019\/09\/Mensa-BO-9-2019-800x1155.jpg 800w, http:\/\/xn--gs-hmelerwald-sievershausen-ekc.de\/wp-content\/uploads\/2019\/09\/Mensa-BO-9-2019.jpg 1108w\" sizes=\"auto, (max-width: 700px) 100vw, 700px\" \/><figcaption class=\"wp-element-caption\">Mensa<\/figcaption><\/figure>\n<\/figure>\n","protected":false},"excerpt":{"rendered":"<p>Seit dem 01.02.2018 sind die Grundschule im Kleegarten in Lehrte-Sievershausen und die Grundschule H\u00e4melerwald organisatorisch zusammengefasst und werden unter dem Namen Grundschule H\u00e4melerwald-Sievershausen gef\u00fchrt. Der Schultr\u00e4ger ist die Stadt Lehrte. Die Grundschule H\u00e4melerwald-Sievershausen&nbsp;ist eine offene Ganztagsschule und bietet zwei Programme f\u00fcr&nbsp;ihre Kinder an: \u2022 Verl\u00e4ssliche Grundschule \u2022 Offene Ganztagsschule Im Schuljahr 2024\/2025&nbsp;besuchen 299 Kinder unsere&#8230;<\/p>\n","protected":false},"author":1,"featured_media":0,"parent":0,"menu_order":0,"comment_status":"closed","ping_status":"open","template":"","meta":{"footnotes":""},"class_list":["post-2","page","type-page","status-publish","hentry"],"aioseo_notices":[],"_links":{"self":[{"href":"http:\/\/xn--gs-hmelerwald-sievershausen-ekc.de\/index.php?rest_route=\/wp\/v2\/pages\/2","targetHints":{"allow":["GET"]}}],"collection":[{"href":"http:\/\/xn--gs-hmelerwald-sievershausen-ekc.de\/index.php?rest_route=\/wp\/v2\/pages"}],"about":[{"href":"http:\/\/xn--gs-hmelerwald-sievershausen-ekc.de\/index.php?rest_route=\/wp\/v2\/types\/page"}],"author":[{"embeddable":true,"href":"http:\/\/xn--gs-hmelerwald-sievershausen-ekc.de\/index.php?rest_route=\/wp\/v2\/users\/1"}],"replies":[{"embeddable":true,"href":"http:\/\/xn--gs-hmelerwald-sievershausen-ekc.de\/index.php?rest_route=%2Fwp%2Fv2%2Fcomments&post=2"}],"version-history":[{"count":14,"href":"http:\/\/xn--gs-hmelerwald-sievershausen-ekc.de\/index.php?rest_route=\/wp\/v2\/pages\/2\/revisions"}],"predecessor-version":[{"id":703,"href":"http:\/\/xn--gs-hmelerwald-sievershausen-ekc.de\/index.php?rest_route=\/wp\/v2\/pages\/2\/revisions\/703"}],"wp:attachment":[{"href":"http:\/\/xn--gs-hmelerwald-sievershausen-ekc.de\/index.php?rest_route=%2Fwp%2Fv2%2Fmedia&parent=2"}],"curies":[{"name":"wp","href":"https:\/\/api.w.org\/{rel}","templated":true}]}}